{"id":116,"date":"2020-03-13T07:46:16","date_gmt":"2020-03-13T07:46:16","guid":{"rendered":"http:\/\/qjarana.es\/?page_id=116"},"modified":"2020-03-13T07:46:18","modified_gmt":"2020-03-13T07:46:18","slug":"politica-de-cookies","status":"publish","type":"page","link":"https:\/\/qjarana.es\/index.php\/politica-de-cookies\/","title":{"rendered":"Pol\u00edtica de Cookies"},"content":{"rendered":"<div class=\"cli_pg_page_contaner\">\n<h3>Sobre nuestra Pol\u00edtica de Cookies<\/h3>\n<div>\n<p>Este documento de Pol\u00edtica de Cookies explica qu\u00e9 son y como usamos las cookies en nuestra web. Recomendamos que os le\u00e1is esta pol\u00edtica para saber qu\u00e9 son, como las usamos, qu\u00e9 tipo de cookies usamos, es decir, la informacion que nosotros recopilamos usando las cookies y como se usa esta informaci\u00f3n y c\u00f3mo se controlan las opciones de las cookies. Para m\u00e1s informaci\u00f3n de como usamos, almacenamos y conversamos vuestros datos, pod\u00e9is ver nuestra Pol\u00edtica de Privacidad.<\/p>\n<p>Puedes cambiar en cualquier momento o rebocar tu consentimiento de cookies en nuestro sitio web. Tambi\u00e9n puedes aprender m\u00e1s sobre qui\u00e9nes somos, c\u00f3mo contactar con nosotros y como procesamos tu informaci\u00f3n en nuestra Pol\u00edtica de Privacidad.<\/p>\n<p>Este consentimiento aplica al siguiente dominio: <a href=\"https:\/\/www.qjarana.es\" target=\"_blank\" rel=\"noopener noreferrer\">www.qjarana.es<\/a><\/p>\n<div class=\"cli_user_consent_state\">Tu estado actual: No se ha dado el consentimiento. <a class=\"cli_manage_current_consent\" style=\"cursor:pointer;text-decoration:underline;\">Gestiona tu consentimiento.<\/a> <\/div>\n<\/div>\n<h3>\u00bfQu\u00e9 son las cookies?<\/h3>\n<div>\n<p>Las cookies son peque\u00f1os archivos de texto que se utilizan para almacenar peque\u00f1as piezas de informaci\u00f3n. \u00c9stas se almacenan en su dispositivo cuando el sitio web se carga en su navegador.<\/p>\n<p>Estas cookies nos ayudan a hacer que el sitio web funcione correctamente, que sea m\u00e1s seguro, proporcionar una mejor experiencia de usuario y comprender c\u00f3mo funciona el sitio web y analizar qu\u00e9 funciona y d\u00f3nde necesita mejorar.<\/p>\n<\/div>\n<h3>\u00bfC\u00f3mo usamos las cookies?<\/h3>\n<div>\n<p>Como la mayor\u00eda de los servicios en l\u00ednea, nuestro sitio web utiliza cookies propias y de terceros para una serie de prop\u00f3sitos. Las cookies de origen son principalmente necesarias para que el sitio web funcione de la manera correcta, y no recopilan ninguno de sus datos de identificaci\u00f3n personal.<\/p>\n<p>Las cookies de terceros utilizadas en nuestros sitios web se utilizan principalmente para comprender el rendimiento del sitio web, c\u00f3mo interact\u00faa con nuestro sitio web, mantener nuestros servicios seguros, proporcionarle anuncios que sean relevantes para usted y, en general, proporcionarle una mejor y mejor experiencia de usuario y ayuda a acelerar sus futuras interacciones con nuestro sitio web.<\/p>\n<\/div>\n<h3>\u00bfQu\u00e9 tipos de cookies usamos?<\/h3>\n<div>\n<p><strong>Esencial<\/strong>: algunas cookies son esenciales para que pueda experimentar la funcionalidad completa de nuestro sitio. Nos permiten mantener sesiones de usuario y evitar amenazas de seguridad. No recopilan ni almacenan ninguna informaci\u00f3n personal. Por ejemplo, estas cookies le permiten iniciar sesi\u00f3n en su cuenta y agregar productos a su cesta y pagar de forma segura.<\/p>\n<p><strong>Estad\u00edsticas<\/strong>: estas cookies almacenan informaci\u00f3n como el n\u00famero de visitantes del sitio web, el n\u00famero de visitantes \u00fanicos, qu\u00e9 p\u00e1ginas del sitio web han sido visitadas, la fuente de la visita, etc. Estos datos nos ayudan a comprender y analizar qu\u00e9 tan bien funciona el sitio web y donde necesita mejorar.<\/p>\n<p><strong>Marketing<\/strong>: nuestro sitio web muestra anuncios. Estas cookies se utilizan para personalizar los anuncios que le mostramos para que sean significativos para usted. Estas cookies tambi\u00e9n nos ayudan a realizar un seguimiento de la eficiencia de estas campa\u00f1as publicitarias.<\/p>\n<p>La informaci\u00f3n almacenada en estas cookies tambi\u00e9n puede ser utilizada por proveedores de publicidad externos para mostrarle anuncios en otros sitios web en el navegador.<\/p>\n<p><strong>Funcional<\/strong>: Estas son las cookies que ayudan a ciertas funcionalidades no esenciales en nuestro sitio web. Estas funcionalidades incluyen incrustar contenido como videos o compartir contenido en el sitio web en plataformas de redes sociales.<\/p>\n<p><strong>Preferencias<\/strong>: estas cookies nos ayudan a almacenar su configuraci\u00f3n y preferencias de navegaci\u00f3n, como las preferencias de idioma, para que tenga una mejor y m\u00e1s eficiente experiencia en futuras visitas al sitio web.<\/p>\n\n<\/div>\n<h3>\u00bfC\u00f3mo puedo controlar mis preferencias de cookies?<\/h3>\n<div>\n<p>Si decide cambiar sus preferencias m\u00e1s adelante durante su sesi\u00f3n de navegaci\u00f3n, puede hacer clic en la pesta\u00f1a \u00abPol\u00edtica de privacidad y cookies\u00bb en su pantalla. Esto mostrar\u00e1 nuevamente el aviso de consentimiento que le permitir\u00e1 cambiar sus preferencias o retirar su consentimiento por completo.<\/p>\n<p>Adem\u00e1s de esto, diferentes navegadores proporcionan diferentes m\u00e9todos para bloquear y eliminar las cookies utilizadas por los sitios web. Puede cambiar la configuraci\u00f3n de su navegador para bloquear \/ eliminar las cookies. Para obtener m\u00e1s informaci\u00f3n sobre c\u00f3mo administrar y eliminar cookies, visite <a href=\"https:\/\/en.wikipedia.org\/wiki\/HTTP_cookie\" target=\"_blank\" rel=\"nofollow noopener noreferrer\">wikipedia.org<\/a>, <a href=\"http:\/\/www.allaboutcookies.org\/\" target=\"_blank\" rel=\"nofollow noopener noreferrer\">www.allaboutcookies.org.<\/a><\/p>\n<\/div>\n<div><\/div>\n<\/div>\n","protected":false},"excerpt":{"rendered":"<div class=\"entry-summary\">\n<div class=\"entry-summary\">\nSobre nuestra Pol\u00edtica de Cookies Este documento de Pol\u00edtica de Cookies explica&hellip;\n<\/div>\n<div class=\"link-more\"><a href=\"https:\/\/qjarana.es\/index.php\/politica-de-cookies\/\" class=\"more-link\">Seguir leyendo<span class=\"screen-reader-text\"> &ldquo;Pol\u00edtica de Cookies&rdquo;<\/span>&hellip;<\/a><\/div>\n<\/div>\n<div class=\"link-more\"><a href=\"https:\/\/qjarana.es\/index.php\/politica-de-cookies\/\" class=\"more-link\">Seguir leyendo<span class=\"screen-reader-text\"> &ldquo;Pol\u00edtica de Cookies&rdquo;<\/span>&hellip;<\/a><\/div>\n","protected":false},"author":1,"featured_media":0,"parent":0,"menu_order":0,"comment_status":"closed","ping_status":"closed","template":"","meta":{"_uag_custom_page_level_css":"","jetpack_post_was_ever_published":false},"acf":[],"uagb_featured_image_src":{"full":false,"thumbnail":false,"medium":false,"medium_large":false,"large":false,"1536x1536":false,"2048x2048":false,"auberge_banner":false,"auberge_banner_small":false},"uagb_author_info":{"display_name":"admin","author_link":"https:\/\/qjarana.es\/index.php\/author\/admin\/"},"uagb_comment_info":0,"uagb_excerpt":"Sobre nuestra Pol\u00edtica de Cookies Este documento de Pol\u00edtica de Cookies explica&hellip; Seguir leyendo &ldquo;Pol\u00edtica de Cookies&rdquo;&hellip;","jetpack_likes_enabled":true,"amp_enabled":true,"_links":{"self":[{"href":"https:\/\/qjarana.es\/index.php\/wp-json\/wp\/v2\/pages\/116"}],"collection":[{"href":"https:\/\/qjarana.es\/index.php\/wp-json\/wp\/v2\/pages"}],"about":[{"href":"https:\/\/qjarana.es\/index.php\/wp-json\/wp\/v2\/types\/page"}],"author":[{"embeddable":true,"href":"https:\/\/qjarana.es\/index.php\/wp-json\/wp\/v2\/users\/1"}],"replies":[{"embeddable":true,"href":"https:\/\/qjarana.es\/index.php\/wp-json\/wp\/v2\/comments?post=116"}],"version-history":[{"count":1,"href":"https:\/\/qjarana.es\/index.php\/wp-json\/wp\/v2\/pages\/116\/revisions"}],"predecessor-version":[{"id":538,"href":"https:\/\/qjarana.es\/index.php\/wp-json\/wp\/v2\/pages\/116\/revisions\/538"}],"wp:attachment":[{"href":"https:\/\/qjarana.es\/index.php\/wp-json\/wp\/v2\/media?parent=116"}],"curies":[{"name":"wp","href":"https:\/\/api.w.org\/{rel}","templated":true}]}}